{"id":54,"date":"2020-06-17T19:38:36","date_gmt":"2020-06-17T19:38:36","guid":{"rendered":"http:\/\/romabooks.com\/?page_id=54"},"modified":"2020-06-22T19:00:40","modified_gmt":"2020-06-22T19:00:40","slug":"autobiografisch","status":"publish","type":"page","link":"https:\/\/romabooks.com\/?page_id=54","title":{"rendered":"Autobiografisch"},"content":{"rendered":"\n<h2 class=\"wp-block-heading\">Autobiographien<\/h2>\n\n\n\n<figure class=\"wp-block-image\"><img decoding=\"async\" src=\"https:\/\/m.media-amazon.com\/images\/I\/51haXmlQEiL.jpg\" alt=\"Dieses Bild hat ein leeres Alt-Attribut. Der Dateiname ist 51haXmlQEiL.jpg\"\/><figcaption><a href=\"https:\/\/amzn.to\/2Bj9VgD\">Blicke in das Leben der Zigeuner Von einem Zigeuner&nbsp;Kindle Ausgabe<br><\/a>\ufeff<\/figcaption><\/figure>\n\n\n\n<figure class=\"wp-block-image\"><img decoding=\"async\" src=\"https:\/\/m.media-amazon.com\/images\/I\/51AtwUlgltL.jpg\" alt=\"Dieses Bild hat ein leeres Alt-Attribut. Der Dateiname ist 51AtwUlgltL.jpg\"\/><figcaption>Wir sind stolz, Zigeuner zu sein: Vom Leben und Leiden einer Sinti-Familie&nbsp;Kindle Ausgabe<br>\ufeff<\/figcaption><\/figure>\n\n\n\n<figure class=\"wp-block-image\"><img decoding=\"async\" src=\"https:\/\/images-na.ssl-images-amazon.com\/images\/I\/41lTVBWRRkL._SX323_BO1,204,203,200_.jpg\" alt=\"Dieses Bild hat ein leeres Alt-Attribut. Der Dateiname ist 41lTVBWRRkL._SX323_BO1,204,203,200_.jpg\"\/><figcaption><a href=\"https:\/\/amzn.to\/2NfOL5q\">Der Fall Karl Horvath: Ein Loipersdorfer \u00bbZigeuner\u00ab vor dem Linzer Volksgericht&nbsp;(Deutsch) Taschenbuch \u2013 1. September 2018<br><\/a>\ufeff<\/figcaption><\/figure>\n\n\n\n<figure class=\"wp-block-image\"><img decoding=\"async\" src=\"https:\/\/images-na.ssl-images-amazon.com\/images\/I\/51MB97DGWWL._SX300_BO1,204,203,200_.jpg\" alt=\"Dieses Bild hat ein leeres Alt-Attribut. Der Dateiname ist 51MB97DGWWL._SX300_BO1,204,203,200_.jpg\"\/><figcaption><a href=\"https:\/\/amzn.to\/2NeaYkA\">Verdammter Zigeuner \/ Goddam gypsy. Roman&nbsp;(Deutsch) Broschiert \u2013 1. Januar 1978<br><\/a>\ufeff<\/figcaption><\/figure>\n\n\n\n<figure class=\"wp-block-image\"><img decoding=\"async\" src=\"https:\/\/images-na.ssl-images-amazon.com\/images\/I\/61BpXjFMlmL._SX324_BO1,204,203,200_.jpg\" alt=\"Dieses Bild hat ein leeres Alt-Attribut. Der Dateiname ist 61BpXjFMlmL._SX324_BO1,204,203,200_.jpg\"\/><figcaption><a href=\"https:\/\/amzn.to\/3ecbPxY\">Gypsy Boy: The bestselling memoir of a Romany childhood&nbsp;(Englisch) Taschenbuch \u2013 4. Februar 2010<br><\/a>\ufeff<\/figcaption><\/figure>\n\n\n\n<figure class=\"wp-block-image\"><img decoding=\"async\" src=\"https:\/\/images-na.ssl-images-amazon.com\/images\/I\/41Gzn-ciY2L._SX327_BO1,204,203,200_.jpg\" alt=\"Dieses Bild hat ein leeres Alt-Attribut. Der Dateiname ist 41Gzn-ciY2L._SX327_BO1,204,203,200_.jpg\"\/><figcaption><a href=\"https:\/\/amzn.to\/30YbBqA\">Der Junge aus Auschwitz &#8230; eine Begegnung.: Das Leben des M\u00fcnchner Sinto Peter H\u00f6llenreiner nach 1945&nbsp;(Deutsch) Taschenbuch \u2013 9. April 2017<br><\/a>\ufeff<\/figcaption><\/figure>\n\n\n\n<figure class=\"wp-block-image\"><img decoding=\"async\" src=\"https:\/\/images-na.ssl-images-amazon.com\/images\/I\/51Z8M55SJWL._SX310_BO1,204,203,200_.jpg\" alt=\"Dieses Bild hat ein leeres Alt-Attribut. Der Dateiname ist 51Z8M55SJWL._SX310_BO1,204,203,200_.jpg\"\/><figcaption><a href=\"https:\/\/amzn.to\/37UkFyh\">King of the Gypsies: Memoirs of the Undefeated Bareknuckle Champion of Great Britain and Ireland&nbsp;(Englisch) Taschenbuch \u2013 1. August 2003<br><\/a>\ufeff<\/figcaption><\/figure>\n\n\n\n<figure class=\"wp-block-image\"><img decoding=\"async\" src=\"https:\/\/images-na.ssl-images-amazon.com\/images\/I\/51G38HY1RJL._SX335_BO1,204,203,200_.jpg\" alt=\"Dieses Bild hat ein leeres Alt-Attribut. Der Dateiname ist 51G38HY1RJL._SX335_BO1,204,203,200_.jpg\"\/><figcaption><strong><a href=\"https:\/\/amzn.to\/30W56Eu\">Muscha&nbsp;(Deutsch) Taschenbuch \u2013 16. Juni 2015<br><\/a><\/strong>\ufeff<\/figcaption><\/figure>\n\n\n\n<figure class=\"wp-block-image\"><img decoding=\"async\" src=\"https:\/\/images-na.ssl-images-amazon.com\/images\/I\/41DoWb4GSpL._SX334_BO1,204,203,200_.jpg\" alt=\"Dieses Bild hat ein leeres Alt-Attribut. Der Dateiname ist 41DoWb4GSpL._SX334_BO1,204,203,200_.jpg\"\/><figcaption><a href=\"https:\/\/amzn.to\/2NeSUGR\">Mano.: Der Junge der nicht wu\u00dfte, wo er war&nbsp;(Deutsch) Taschenbuch \u2013 1. Januar 2015<br><\/a>\ufeff<\/figcaption><\/figure>\n\n\n\n<figure class=\"wp-block-image\"><img decoding=\"async\" src=\"https:\/\/images-na.ssl-images-amazon.com\/images\/I\/51J1kTDuzHL._SX336_BO1,204,203,200_.jpg\" alt=\"Dieses Bild hat ein leeres Alt-Attribut. Der Dateiname ist 51J1kTDuzHL._SX336_BO1,204,203,200_.jpg\"\/><figcaption><a href=\"https:\/\/amzn.to\/30XgmRd\">Und eisig weht der kalte Wind: Das Schicksal einer deutschen Sinti-Familie&nbsp;(Deutsch) Broschiert \u2013 5. November 2019<br><\/a>\ufeff<\/figcaption><\/figure>\n\n\n\n<figure class=\"wp-block-image\"><img decoding=\"async\" src=\"https:\/\/images-na.ssl-images-amazon.com\/images\/I\/51ev0KJpgFL._SX314_BO1,204,203,200_.jpg\" alt=\"Dieses Bild hat ein leeres Alt-Attribut. Der Dateiname ist 51ev0KJpgFL._SX314_BO1,204,203,200_.jpg\"\/><figcaption><a href=\"https:\/\/amzn.to\/2YPbzi6\">Das Brennglas &#8211; Aufgezeichnet von Ulrich Enzensberger (WAT)&nbsp;(Deutsch) Taschenbuch \u2013 26. September 2012<br><\/a>\ufeff<\/figcaption><\/figure>\n\n\n\n<figure class=\"wp-block-image\"><img decoding=\"async\" src=\"https:\/\/images-na.ssl-images-amazon.com\/images\/I\/51r5f-cLJFL._SX325_BO1,204,203,200_.jpg\" alt=\"Dieses Bild hat ein leeres Alt-Attribut. Der Dateiname ist 51r5f-cLJFL._SX325_BO1,204,203,200_.jpg\"\/><figcaption><a href=\"https:\/\/amzn.to\/2AUEiKa\">&#8222;Denk nicht, wir bleiben hier&#8220;: Die Lebensgeschichte des Sinto Hugo H\u00f6llenreiner&nbsp;(Deutsch) Gebundene Ausgabe \u2013 19. August 2005<br><\/a>\ufeff<\/figcaption><\/figure>\n\n\n\n<figure class=\"wp-block-image size-large\"><img loading=\"lazy\" decoding=\"async\" width=\"173\" height=\"266\" src=\"http:\/\/romabooks.com\/wp-content\/uploads\/2020\/06\/image-1.jpeg\" alt=\"Dieses Bild hat ein leeres Alt-Attribut. Der Dateiname ist 2Q==\" class=\"wp-image-394\"\/><figcaption><a href=\"https:\/\/amzn.to\/3dhfV6K\">Die Zigeuner kommen!: Markus Reinhardt entdeckt sein Volk&nbsp;(Deutsch) Gebundene Ausgabe \u2013 23. M\u00e4rz 2007<br><\/a>\ufeff<\/figcaption><\/figure>\n\n\n\n<figure class=\"wp-block-image\"><img decoding=\"async\" src=\"https:\/\/m.media-amazon.com\/images\/I\/51y9iTMw4EL.jpg\" alt=\"Dieses Bild hat ein leeres Alt-Attribut. Der Dateiname ist 51y9iTMw4EL.jpg\"\/><figcaption><a href=\"https:\/\/amzn.to\/2zPvWTO\">Wir leben im Verborgenen: Aufzeichnungen einer Romni zwischen den Welten&nbsp;(Deutsch) Gebundene Ausgabe \u2013 20. Februar 2013<br><\/a>\ufeff<\/figcaption><\/figure>\n\n\n\n<figure class=\"wp-block-image\"><img decoding=\"async\" src=\"https:\/\/images-na.ssl-images-amazon.com\/images\/I\/51RA0j+LBxL._SX258_BO1,204,203,200_.jpg\" alt=\"Dieses Bild hat ein leeres Alt-Attribut. Der Dateiname ist 51RA0j+LBxL._SX258_BO1,204,203,200_.jpg\"\/><figcaption><a href=\"https:\/\/amzn.to\/3hNt0IC\">Romani Rose: Ein Leben f\u00fcr die Menschenrechte&nbsp;(Deutsch) Gebundene Ausgabe \u2013 5. April 2017<br><\/a>\ufeff<\/figcaption><\/figure>\n\n\n\n<div class=\"wp-block-columns is-layout-flex wp-container-core-columns-layout-1 wp-block-columns-is-layout-flex\">\n<div class=\"wp-block-column is-layout-flow wp-block-column-is-layout-flow\">\n<figure class=\"wp-block-image size-large\"><a href=\"https:\/\/amzn.to\/2Nka5XL\"><img decoding=\"async\" src=\"https:\/\/images-na.ssl-images-amazon.com\/images\/I\/51Y2bRM8stL._SX350_BO1,204,203,200_.jpg\" alt=\"\"\/><\/a><figcaption><a href=\"https:\/\/amzn.to\/2Nka5XL\">\u201e\u2026 weil ich selber so \u00fcberrascht war, dass ich so wenig wusste.\u201c: Eine Studie \u00fcber den Unterricht zum Schicksal der europ\u00e4ischen Roma und Sinti w\u00e4hrend des Holocaust (Dachauer Diskurse)&nbsp;(Deutsch) Taschenbuch \u2013 19. M\u00e4rz 2019<br><\/a><\/figcaption><\/figure>\n<\/div>\n\n\n\n<div class=\"wp-block-column is-layout-flow wp-block-column-is-layout-flow\">\n<figure class=\"wp-block-image size-large\"><a href=\"https:\/\/amzn.to\/314fUR0\"><img decoding=\"async\" src=\"https:\/\/images-na.ssl-images-amazon.com\/images\/I\/51sCBVDcl8L._SX303_BO1,204,203,200_.jpg\" alt=\"\"\/><\/a><figcaption>Everybody&#8217;s Gypsy: Popkultur zwischen Ausgrenzung und Respekt\u00a0(Deutsch)<br><a href=\"https:\/\/amzn.to\/314fUR0\">Buch<\/a><br><a href=\"https:\/\/amzn.to\/2NiQOWr\">eBook<\/a><\/figcaption><\/figure>\n<\/div>\n\n\n\n<div class=\"wp-block-column is-layout-flow wp-block-column-is-layout-flow\"><\/div>\n<\/div>\n\n\n\n<div class=\"wp-block-columns is-layout-flex wp-container-core-columns-layout-2 wp-block-columns-is-layout-flex\">\n<div class=\"wp-block-column is-layout-flow wp-block-column-is-layout-flow\"><\/div>\n\n\n\n<div class=\"wp-block-column is-layout-flow wp-block-column-is-layout-flow\"><\/div>\n\n\n\n<div class=\"wp-block-column is-layout-flow wp-block-column-is-layout-flow\"><\/div>\n<\/div>\n\n\n\n<div class=\"wp-block-columns is-layout-flex wp-container-core-columns-layout-3 wp-block-columns-is-layout-flex\">\n<div class=\"wp-block-column is-layout-flow wp-block-column-is-layout-flow\"><\/div>\n\n\n\n<div class=\"wp-block-column is-layout-flow wp-block-column-is-layout-flow\"><\/div>\n\n\n\n<div class=\"wp-block-column is-layout-flow wp-block-column-is-layout-flow\"><\/div>\n<\/div>\n\n\n\n<div class=\"wp-block-columns is-layout-flex wp-container-core-columns-layout-4 wp-block-columns-is-layout-flex\">\n<div class=\"wp-block-column is-layout-flow wp-block-column-is-layout-flow\"><\/div>\n\n\n\n<div class=\"wp-block-column is-layout-flow wp-block-column-is-layout-flow\"><\/div>\n\n\n\n<div class=\"wp-block-column is-layout-flow wp-block-column-is-layout-flow\"><\/div>\n<\/div>\n","protected":false},"excerpt":{"rendered":"<p>Autobiographien<\/p>\n","protected":false},"author":1,"featured_media":0,"parent":0,"menu_order":0,"comment_status":"closed","ping_status":"closed","template":"","meta":{"footnotes":""},"aioseo_notices":[],"_links":{"self":[{"href":"https:\/\/romabooks.com\/index.php?rest_route=\/wp\/v2\/pages\/54"}],"collection":[{"href":"https:\/\/romabooks.com\/index.php?rest_route=\/wp\/v2\/pages"}],"about":[{"href":"https:\/\/romabooks.com\/index.php?rest_route=\/wp\/v2\/types\/page"}],"author":[{"embeddable":true,"href":"https:\/\/romabooks.com\/index.php?rest_route=\/wp\/v2\/users\/1"}],"replies":[{"embeddable":true,"href":"https:\/\/romabooks.com\/index.php?rest_route=%2Fwp%2Fv2%2Fcomments&post=54"}],"version-history":[{"count":5,"href":"https:\/\/romabooks.com\/index.php?rest_route=\/wp\/v2\/pages\/54\/revisions"}],"predecessor-version":[{"id":496,"href":"https:\/\/romabooks.com\/index.php?rest_route=\/wp\/v2\/pages\/54\/revisions\/496"}],"wp:attachment":[{"href":"https:\/\/romabooks.com\/index.php?rest_route=%2Fwp%2Fv2%2Fmedia&parent=54"}],"curies":[{"name":"wp","href":"https:\/\/api.w.org\/{rel}","templated":true}]}}